{"id":1000,"date":"2016-08-25T11:03:32","date_gmt":"2016-08-25T09:03:32","guid":{"rendered":"http:\/\/www.khfi.de\/?page_id=1000"},"modified":"2016-08-25T11:03:32","modified_gmt":"2016-08-25T09:03:32","slug":"vad-biomaterial-sammlung-von-biomaterialien-im-rahmen-der-vad-studie","status":"publish","type":"page","link":"https:\/\/www.khfi.de\/khfiweb\/?page_id=1000","title":{"rendered":"VAD-Biomaterial: Sammlung von Biomaterialien im Rahmen der VAD-Studie"},"content":{"rendered":"<p style=\"text-align: justify;\">Patienten, die ein Herzunterst\u00fctzungssystem (englisch: <em>Ventricular Assist Device<\/em>, VAD) erhalten, k\u00f6nnen an dieser Studie teilnehmen. Die VAD-Studie wird mit Mitteln des Deutschen Zentrums f\u00fcr Herz-Kreislauf-Forschung (DZHK) finanziert. Das DZHK hat es sich zur Aufgabe gemacht, unter Beachtung der datenschutzrechtlichen und ethischen Bestimmungen Studien durchzuf\u00fchren, um durch die Erforschung der Krankheitsursachen neue, bessere Behandlungsmethoden f\u00fcr Menschen mit Krankheiten des Herz-Kreislauf-Systems entwickeln zu k\u00f6nnen. Dies erfolgt unter anderem durch die Auswertungen von Daten und die Untersuchungen von Blut- und Gewebeproben, die im Rahmen von DZHK-gef\u00f6rderten Studien gesammelt werden.<\/p>\n<p style=\"text-align: justify;\">Wenn Sie an der VAD-Studie teilnehmen, besteht die M\u00f6glichkeit, dem DZHK zu Forschungszwecken verschiedene \u201eBiomaterialien&#8220; zur Verf\u00fcgung zu stellen. Bei den Biomaterialien handelt es sich um K\u00f6rperfl\u00fcssigkeiten, wie beispielsweise Blut und Urin oder um Gewebe. Anhand der Proben sollen mit neuesten (Labor-)Methoden Untersuchungen durchgef\u00fchrt werden, die es erm\u00f6glichen, die verschiedenen Krankheiten des Herz-Kreislauf-Systems in ihrer Ursache besser zu verstehen. Hierzu z\u00e4hlen z.B. Untersuchungen zur Ausbildung krankhafter Eiwei\u00dfstrukturen im Herzgewebe, bestimmter \u201eBiomarker&#8220; im Blut oder im Urin oder auch die Untersuchung der in den Blutzellen und dem Gewebe vorhandenen Erbsubstanz (DNA) hinsichtlich Ver\u00e4nderungen (Mutationen).<\/p>\n<p style=\"text-align: justify;\">Welche Biomaterialien sollen gesammelt werden?<\/p>\n<p style=\"text-align: justify;\">Bei Patienten, die ein VAD erhalten, fallen operationsbedingt Gewebereste an, die \u00fcblicherweise ungenutzt entsorgt werden. Dieses \u201eRestgewebe&#8220; wird gerne zur Erforschung von Herz-Kreislauf-Erkrankungen verwendet. Ferner werden Patienten gebeten, im Rahmen der Routine-Blutabnahme eine Blutprobe f\u00fcr DZHK\u00adForschungszwecke entnehmen zu lassen. Au\u00dferdem wird eine Urinprobe ben\u00f6tigt.<\/p>\n\n<div class=\"twitter-share\"><a href=\"https:\/\/twitter.com\/intent\/tweet?via=KHFI_BioReg\" class=\"twitter-share-button\">Twittern<\/a><\/div>\n","protected":false},"excerpt":{"rendered":"<p>Patienten, die ein Herzunterst\u00fctzungssystem (englisch: Ventricular Assist Device, VAD) erhalten, k\u00f6nnen an dieser Studie teilnehmen. Die VAD-Studie wird mit Mitteln des Deutschen Zentrums f\u00fcr Herz-Kreislauf-Forschung [&hellip;] <span class=\"read-more-link\"><a class=\"read-more\" href=\"https:\/\/www.khfi.de\/khfiweb\/?page_id=1000\">Read More<\/a><\/span><\/p>\n","protected":false},"author":2,"featured_media":0,"parent":0,"menu_order":0,"comment_status":"closed","ping_status":"closed","template":"","meta":{"footnotes":""},"yoast_head":"<!-- This site is optimized with the Yoast SEO plugin v23.5 - https:\/\/yoast.com\/wordpress\/plugins\/seo\/ -->\n<title>VAD-Biomaterial: Sammlung von Biomaterialien im Rahmen der VAD-Studie | KHFI<\/title>\n<meta name=\"robots\" content=\"index, follow, max-snippet:-1, max-image-preview:large, max-video-preview:-1\" \/>\n<link rel=\"canonical\" href=\"https:\/\/www.khfi.de\/khfiweb\/?page_id=1000\" \/>\n<meta property=\"og:locale\" content=\"de_DE\" \/>\n<meta property=\"og:type\" content=\"article\" \/>\n<meta property=\"og:title\" content=\"VAD-Biomaterial: Sammlung von Biomaterialien im Rahmen der VAD-Studie | KHFI\" \/>\n<meta property=\"og:description\" content=\"Patienten, die ein Herzunterst\u00fctzungssystem (englisch: Ventricular Assist Device, VAD) erhalten, k\u00f6nnen an dieser Studie teilnehmen. Die VAD-Studie wird mit Mitteln des Deutschen Zentrums f\u00fcr Herz-Kreislauf-Forschung [&hellip;] Read More\" \/>\n<meta property=\"og:url\" content=\"https:\/\/www.khfi.de\/khfiweb\/?page_id=1000\" \/>\n<meta property=\"og:site_name\" content=\"KHFI\" \/>\n<meta name=\"twitter:card\" content=\"summary_large_image\" \/>\n<meta name=\"twitter:site\" content=\"@KHFI_BioReg\" \/>\n<meta name=\"twitter:label1\" content=\"Gesch\u00e4tzte Lesezeit\" \/>\n\t<meta name=\"twitter:data1\" content=\"1\u00a0Minute\" \/>\n<script type=\"application\/ld+json\" class=\"yoast-schema-graph\">{\"@context\":\"https:\/\/schema.org\",\"@graph\":[{\"@type\":\"WebPage\",\"@id\":\"https:\/\/www.khfi.de\/khfiweb\/?page_id=1000\",\"url\":\"https:\/\/www.khfi.de\/khfiweb\/?page_id=1000\",\"name\":\"VAD-Biomaterial: Sammlung von Biomaterialien im Rahmen der VAD-Studie | KHFI\",\"isPartOf\":{\"@id\":\"https:\/\/www.khfi.de\/khfiweb\/#website\"},\"datePublished\":\"2016-08-25T09:03:32+00:00\",\"dateModified\":\"2016-08-25T09:03:32+00:00\",\"breadcrumb\":{\"@id\":\"https:\/\/www.khfi.de\/khfiweb\/?page_id=1000#breadcrumb\"},\"inLanguage\":\"de\",\"potentialAction\":[{\"@type\":\"ReadAction\",\"target\":[\"https:\/\/www.khfi.de\/khfiweb\/?page_id=1000\"]}]},{\"@type\":\"BreadcrumbList\",\"@id\":\"https:\/\/www.khfi.de\/khfiweb\/?page_id=1000#breadcrumb\",\"itemListElement\":[{\"@type\":\"ListItem\",\"position\":1,\"name\":\"Startseite\",\"item\":\"https:\/\/www.khfi.de\/khfiweb\/\"},{\"@type\":\"ListItem\",\"position\":2,\"name\":\"VAD-Biomaterial: Sammlung von Biomaterialien im Rahmen der VAD-Studie\"}]},{\"@type\":\"WebSite\",\"@id\":\"https:\/\/www.khfi.de\/khfiweb\/#website\",\"url\":\"https:\/\/www.khfi.de\/khfiweb\/\",\"name\":\"KHFI\",\"description\":\"\",\"publisher\":{\"@id\":\"https:\/\/www.khfi.de\/khfiweb\/#organization\"},\"potentialAction\":[{\"@type\":\"SearchAction\",\"target\":{\"@type\":\"EntryPoint\",\"urlTemplate\":\"https:\/\/www.khfi.de\/khfiweb\/?s={search_term_string}\"},\"query-input\":{\"@type\":\"PropertyValueSpecification\",\"valueRequired\":true,\"valueName\":\"search_term_string\"}}],\"inLanguage\":\"de\"},{\"@type\":\"Organization\",\"@id\":\"https:\/\/www.khfi.de\/khfiweb\/#organization\",\"name\":\"Kerckhoff Heart Research Institute\",\"url\":\"https:\/\/www.khfi.de\/khfiweb\/\",\"logo\":{\"@type\":\"ImageObject\",\"inLanguage\":\"de\",\"@id\":\"https:\/\/www.khfi.de\/khfiweb\/#\/schema\/logo\/image\/\",\"url\":\"https:\/\/www.khfi.de\/khfiweb\/wp-content\/uploads\/2018\/02\/Logo_KHFI_klein100.png\",\"contentUrl\":\"https:\/\/www.khfi.de\/khfiweb\/wp-content\/uploads\/2018\/02\/Logo_KHFI_klein100.png\",\"width\":100,\"height\":31,\"caption\":\"Kerckhoff Heart Research Institute\"},\"image\":{\"@id\":\"https:\/\/www.khfi.de\/khfiweb\/#\/schema\/logo\/image\/\"},\"sameAs\":[\"https:\/\/x.com\/KHFI_BioReg\"]}]}<\/script>\n<!-- \/ Yoast SEO plugin. -->","yoast_head_json":{"title":"VAD-Biomaterial: Sammlung von Biomaterialien im Rahmen der VAD-Studie | KHFI","robots":{"index":"index","follow":"follow","max-snippet":"max-snippet:-1","max-image-preview":"max-image-preview:large","max-video-preview":"max-video-preview:-1"},"canonical":"https:\/\/www.khfi.de\/khfiweb\/?page_id=1000","og_locale":"de_DE","og_type":"article","og_title":"VAD-Biomaterial: Sammlung von Biomaterialien im Rahmen der VAD-Studie | KHFI","og_description":"Patienten, die ein Herzunterst\u00fctzungssystem (englisch: Ventricular Assist Device, VAD) erhalten, k\u00f6nnen an dieser Studie teilnehmen. Die VAD-Studie wird mit Mitteln des Deutschen Zentrums f\u00fcr Herz-Kreislauf-Forschung [&hellip;] Read More","og_url":"https:\/\/www.khfi.de\/khfiweb\/?page_id=1000","og_site_name":"KHFI","twitter_card":"summary_large_image","twitter_site":"@KHFI_BioReg","twitter_misc":{"Gesch\u00e4tzte Lesezeit":"1\u00a0Minute"},"schema":{"@context":"https:\/\/schema.org","@graph":[{"@type":"WebPage","@id":"https:\/\/www.khfi.de\/khfiweb\/?page_id=1000","url":"https:\/\/www.khfi.de\/khfiweb\/?page_id=1000","name":"VAD-Biomaterial: Sammlung von Biomaterialien im Rahmen der VAD-Studie | KHFI","isPartOf":{"@id":"https:\/\/www.khfi.de\/khfiweb\/#website"},"datePublished":"2016-08-25T09:03:32+00:00","dateModified":"2016-08-25T09:03:32+00:00","breadcrumb":{"@id":"https:\/\/www.khfi.de\/khfiweb\/?page_id=1000#breadcrumb"},"inLanguage":"de","potentialAction":[{"@type":"ReadAction","target":["https:\/\/www.khfi.de\/khfiweb\/?page_id=1000"]}]},{"@type":"BreadcrumbList","@id":"https:\/\/www.khfi.de\/khfiweb\/?page_id=1000#breadcrumb","itemListElement":[{"@type":"ListItem","position":1,"name":"Startseite","item":"https:\/\/www.khfi.de\/khfiweb\/"},{"@type":"ListItem","position":2,"name":"VAD-Biomaterial: Sammlung von Biomaterialien im Rahmen der VAD-Studie"}]},{"@type":"WebSite","@id":"https:\/\/www.khfi.de\/khfiweb\/#website","url":"https:\/\/www.khfi.de\/khfiweb\/","name":"KHFI","description":"","publisher":{"@id":"https:\/\/www.khfi.de\/khfiweb\/#organization"},"potentialAction":[{"@type":"SearchAction","target":{"@type":"EntryPoint","urlTemplate":"https:\/\/www.khfi.de\/khfiweb\/?s={search_term_string}"},"query-input":{"@type":"PropertyValueSpecification","valueRequired":true,"valueName":"search_term_string"}}],"inLanguage":"de"},{"@type":"Organization","@id":"https:\/\/www.khfi.de\/khfiweb\/#organization","name":"Kerckhoff Heart Research Institute","url":"https:\/\/www.khfi.de\/khfiweb\/","logo":{"@type":"ImageObject","inLanguage":"de","@id":"https:\/\/www.khfi.de\/khfiweb\/#\/schema\/logo\/image\/","url":"https:\/\/www.khfi.de\/khfiweb\/wp-content\/uploads\/2018\/02\/Logo_KHFI_klein100.png","contentUrl":"https:\/\/www.khfi.de\/khfiweb\/wp-content\/uploads\/2018\/02\/Logo_KHFI_klein100.png","width":100,"height":31,"caption":"Kerckhoff Heart Research Institute"},"image":{"@id":"https:\/\/www.khfi.de\/khfiweb\/#\/schema\/logo\/image\/"},"sameAs":["https:\/\/x.com\/KHFI_BioReg"]}]}},"_links":{"self":[{"href":"https:\/\/www.khfi.de\/khfiweb\/index.php?rest_route=\/wp\/v2\/pages\/1000"}],"collection":[{"href":"https:\/\/www.khfi.de\/khfiweb\/index.php?rest_route=\/wp\/v2\/pages"}],"about":[{"href":"https:\/\/www.khfi.de\/khfiweb\/index.php?rest_route=\/wp\/v2\/types\/page"}],"author":[{"embeddable":true,"href":"https:\/\/www.khfi.de\/khfiweb\/index.php?rest_route=\/wp\/v2\/users\/2"}],"replies":[{"embeddable":true,"href":"https:\/\/www.khfi.de\/khfiweb\/index.php?rest_route=%2Fwp%2Fv2%2Fcomments&post=1000"}],"version-history":[{"count":1,"href":"https:\/\/www.khfi.de\/khfiweb\/index.php?rest_route=\/wp\/v2\/pages\/1000\/revisions"}],"predecessor-version":[{"id":1001,"href":"https:\/\/www.khfi.de\/khfiweb\/index.php?rest_route=\/wp\/v2\/pages\/1000\/revisions\/1001"}],"wp:attachment":[{"href":"https:\/\/www.khfi.de\/khfiweb\/index.php?rest_route=%2Fwp%2Fv2%2Fmedia&parent=1000"}],"curies":[{"name":"wp","href":"https:\/\/api.w.org\/{rel}","templated":true}]}}