{"id":991,"date":"2016-08-25T10:43:32","date_gmt":"2016-08-25T08:43:32","guid":{"rendered":"http:\/\/www.khfi.de\/?page_id=991"},"modified":"2016-08-25T10:43:32","modified_gmt":"2016-08-25T08:43:32","slug":"biovalve-biomarker-als-praediktoren-bei-patienten-nach-mitral-und-aortenklappenintervention-2","status":"publish","type":"page","link":"https:\/\/www.khfi.de\/khfiweb\/?page_id=991","title":{"rendered":"BioVALVE: Biomarker als Pr\u00e4diktoren bei Patienten nach Mitral- und Aortenklappenintervention"},"content":{"rendered":"<p style=\"text-align: justify;\">In den letzten Jahren konnte an einigen spezialisierten Zentren die minimalinvasive Herzklappenimplantation bzw. die Mitral- oder Aortenklappenreparatur mittels Kathetertechnik bei Hochrisikopatienten in der klinischen Routine etabliert werden. Durch diese minimalinvasive Technik ist es m\u00f6glich, auf die Durchtrennung des Brustbeins und die Verwendung der Herz-Lungen-Maschine zu verzichten. \u00dcber verschiedene Zugangswege k\u00f6nnen die Prothesen sowohl in Mitral- bzw. Aortenklappenposition als auch innerhalb degenerativ ver\u00e4nderter Bioprothesen in Mitral- oder Aortenklappenposition am schlagenden Herzen implantiert werden. Die herk\u00f6mmliche Methode des konventionellen Aortenklappenersatzes, einschlie\u00dflich der Verwendung der Herz-Lungen-Maschine, dient lediglich als \u201eback up\u201c, falls die neue Implantationstechnik nicht funktioniert oder falls Komplikationen auftreten.<\/p>\n<p style=\"text-align: justify;\">Komplikationen k\u00f6nnen sowohl bei der konventionellen Klappenoperation als auch bei der kathetergest\u00fctzten Technik auftreten. Einige Komplikationen treten bei bestimmten Patientengruppen vermehrt auf. So liegt ein wesentlicher Faktor zur Senkung operativ bedingter Komplikationen in der Auswahl der richtigen Patienten. Um zuk\u00fcnftig das Auftreten von diesen Komplikationen auf ein Minimum reduzieren zu k\u00f6nnen, m\u00fcssen die genauen pathophysiologischen Zusammenh\u00e4nge und die Wertigkeit pr\u00e4diktiver Faktoren gekl\u00e4rt werden. Hierbei sollen verschiedene Biomarker zum Einsatz kommen. Seit einiger Zeit stehen sensitive Biomarker (Troponine, BNP) als zentraler Bestandteil f\u00fcr die Diagnose, Verlaufsbeurteilung und Risikoeinsch\u00e4tzung von Patienten mit Aortenklappenverengung zur Verf\u00fcgung. Von besonderem klinischen Interesse sind neue biochemische Marker, welche die Krankheits- und Todesrate nach oder w\u00e4hrend der OP anzeigen k\u00f6nnen.<\/p>\n<p style=\"text-align: justify;\">Ziel dieser Studie ist es deshalb, diese Indikatorproteine im Blut von Patienten mit nachgewiesener erh\u00f6hter Krankheits- und Todesrate nachzuweisen. Im Vordergrund steht dabei die Evaluierung neuer Biomarker, die mittels Protein-Microassays (sog. Proteomics) identifiziert werden sollen. Die Bestimmung des molekularen Profils spezifischer Blutzellen mittels Genanalyse ist ebenfalls vorgesehen. Des Weiteren sollen Biomarker, die bereits im Rahmen der koronaren Herzerkrankung etabliert sind, nun auch hinsichtlich ihrer Prognose untersucht werden.<\/p>\n\n<div class=\"twitter-share\"><a href=\"https:\/\/twitter.com\/intent\/tweet?via=KHFI_BioReg\" class=\"twitter-share-button\">Twittern<\/a><\/div>\n","protected":false},"excerpt":{"rendered":"<p>In den letzten Jahren konnte an einigen spezialisierten Zentren die minimalinvasive Herzklappenimplantation bzw. die Mitral- oder Aortenklappenreparatur mittels Kathetertechnik bei Hochrisikopatienten in der klinischen Routine [&hellip;] <span class=\"read-more-link\"><a class=\"read-more\" href=\"https:\/\/www.khfi.de\/khfiweb\/?page_id=991\">Read More<\/a><\/span><\/p>\n","protected":false},"author":2,"featured_media":0,"parent":0,"menu_order":0,"comment_status":"closed","ping_status":"closed","template":"","meta":{"footnotes":""},"yoast_head":"<!-- This site is optimized with the Yoast SEO plugin v23.5 - https:\/\/yoast.com\/wordpress\/plugins\/seo\/ -->\n<title>BioVALVE: Biomarker als Pr\u00e4diktoren bei Patienten nach Mitral- und Aortenklappenintervention | KHFI<\/title>\n<meta name=\"robots\" content=\"index, follow, max-snippet:-1, max-image-preview:large, max-video-preview:-1\" \/>\n<link rel=\"canonical\" href=\"https:\/\/www.khfi.de\/khfiweb\/?page_id=991\" \/>\n<meta property=\"og:locale\" content=\"de_DE\" \/>\n<meta property=\"og:type\" content=\"article\" \/>\n<meta property=\"og:title\" content=\"BioVALVE: Biomarker als Pr\u00e4diktoren bei Patienten nach Mitral- und Aortenklappenintervention | KHFI\" \/>\n<meta property=\"og:description\" content=\"In den letzten Jahren konnte an einigen spezialisierten Zentren die minimalinvasive Herzklappenimplantation bzw. die Mitral- oder Aortenklappenreparatur mittels Kathetertechnik bei Hochrisikopatienten in der klinischen Routine [&hellip;] Read More\" \/>\n<meta property=\"og:url\" content=\"https:\/\/www.khfi.de\/khfiweb\/?page_id=991\" \/>\n<meta property=\"og:site_name\" content=\"KHFI\" \/>\n<meta name=\"twitter:card\" content=\"summary_large_image\" \/>\n<meta name=\"twitter:site\" content=\"@KHFI_BioReg\" \/>\n<meta name=\"twitter:label1\" content=\"Gesch\u00e4tzte Lesezeit\" \/>\n\t<meta name=\"twitter:data1\" content=\"1\u00a0Minute\" \/>\n<script type=\"application\/ld+json\" class=\"yoast-schema-graph\">{\"@context\":\"https:\/\/schema.org\",\"@graph\":[{\"@type\":\"WebPage\",\"@id\":\"https:\/\/www.khfi.de\/khfiweb\/?page_id=991\",\"url\":\"https:\/\/www.khfi.de\/khfiweb\/?page_id=991\",\"name\":\"BioVALVE: Biomarker als Pr\u00e4diktoren bei Patienten nach Mitral- und Aortenklappenintervention | KHFI\",\"isPartOf\":{\"@id\":\"https:\/\/www.khfi.de\/khfiweb\/#website\"},\"datePublished\":\"2016-08-25T08:43:32+00:00\",\"dateModified\":\"2016-08-25T08:43:32+00:00\",\"breadcrumb\":{\"@id\":\"https:\/\/www.khfi.de\/khfiweb\/?page_id=991#breadcrumb\"},\"inLanguage\":\"de\",\"potentialAction\":[{\"@type\":\"ReadAction\",\"target\":[\"https:\/\/www.khfi.de\/khfiweb\/?page_id=991\"]}]},{\"@type\":\"BreadcrumbList\",\"@id\":\"https:\/\/www.khfi.de\/khfiweb\/?page_id=991#breadcrumb\",\"itemListElement\":[{\"@type\":\"ListItem\",\"position\":1,\"name\":\"Startseite\",\"item\":\"https:\/\/www.khfi.de\/khfiweb\/\"},{\"@type\":\"ListItem\",\"position\":2,\"name\":\"BioVALVE: Biomarker als Pr\u00e4diktoren bei Patienten nach Mitral- und Aortenklappenintervention\"}]},{\"@type\":\"WebSite\",\"@id\":\"https:\/\/www.khfi.de\/khfiweb\/#website\",\"url\":\"https:\/\/www.khfi.de\/khfiweb\/\",\"name\":\"KHFI\",\"description\":\"\",\"publisher\":{\"@id\":\"https:\/\/www.khfi.de\/khfiweb\/#organization\"},\"potentialAction\":[{\"@type\":\"SearchAction\",\"target\":{\"@type\":\"EntryPoint\",\"urlTemplate\":\"https:\/\/www.khfi.de\/khfiweb\/?s={search_term_string}\"},\"query-input\":{\"@type\":\"PropertyValueSpecification\",\"valueRequired\":true,\"valueName\":\"search_term_string\"}}],\"inLanguage\":\"de\"},{\"@type\":\"Organization\",\"@id\":\"https:\/\/www.khfi.de\/khfiweb\/#organization\",\"name\":\"Kerckhoff Heart Research Institute\",\"url\":\"https:\/\/www.khfi.de\/khfiweb\/\",\"logo\":{\"@type\":\"ImageObject\",\"inLanguage\":\"de\",\"@id\":\"https:\/\/www.khfi.de\/khfiweb\/#\/schema\/logo\/image\/\",\"url\":\"https:\/\/www.khfi.de\/khfiweb\/wp-content\/uploads\/2018\/02\/Logo_KHFI_klein100.png\",\"contentUrl\":\"https:\/\/www.khfi.de\/khfiweb\/wp-content\/uploads\/2018\/02\/Logo_KHFI_klein100.png\",\"width\":100,\"height\":31,\"caption\":\"Kerckhoff Heart Research Institute\"},\"image\":{\"@id\":\"https:\/\/www.khfi.de\/khfiweb\/#\/schema\/logo\/image\/\"},\"sameAs\":[\"https:\/\/x.com\/KHFI_BioReg\"]}]}<\/script>\n<!-- \/ Yoast SEO plugin. -->","yoast_head_json":{"title":"BioVALVE: Biomarker als Pr\u00e4diktoren bei Patienten nach Mitral- und Aortenklappenintervention | KHFI","robots":{"index":"index","follow":"follow","max-snippet":"max-snippet:-1","max-image-preview":"max-image-preview:large","max-video-preview":"max-video-preview:-1"},"canonical":"https:\/\/www.khfi.de\/khfiweb\/?page_id=991","og_locale":"de_DE","og_type":"article","og_title":"BioVALVE: Biomarker als Pr\u00e4diktoren bei Patienten nach Mitral- und Aortenklappenintervention | KHFI","og_description":"In den letzten Jahren konnte an einigen spezialisierten Zentren die minimalinvasive Herzklappenimplantation bzw. die Mitral- oder Aortenklappenreparatur mittels Kathetertechnik bei Hochrisikopatienten in der klinischen Routine [&hellip;] Read More","og_url":"https:\/\/www.khfi.de\/khfiweb\/?page_id=991","og_site_name":"KHFI","twitter_card":"summary_large_image","twitter_site":"@KHFI_BioReg","twitter_misc":{"Gesch\u00e4tzte Lesezeit":"1\u00a0Minute"},"schema":{"@context":"https:\/\/schema.org","@graph":[{"@type":"WebPage","@id":"https:\/\/www.khfi.de\/khfiweb\/?page_id=991","url":"https:\/\/www.khfi.de\/khfiweb\/?page_id=991","name":"BioVALVE: Biomarker als Pr\u00e4diktoren bei Patienten nach Mitral- und Aortenklappenintervention | KHFI","isPartOf":{"@id":"https:\/\/www.khfi.de\/khfiweb\/#website"},"datePublished":"2016-08-25T08:43:32+00:00","dateModified":"2016-08-25T08:43:32+00:00","breadcrumb":{"@id":"https:\/\/www.khfi.de\/khfiweb\/?page_id=991#breadcrumb"},"inLanguage":"de","potentialAction":[{"@type":"ReadAction","target":["https:\/\/www.khfi.de\/khfiweb\/?page_id=991"]}]},{"@type":"BreadcrumbList","@id":"https:\/\/www.khfi.de\/khfiweb\/?page_id=991#breadcrumb","itemListElement":[{"@type":"ListItem","position":1,"name":"Startseite","item":"https:\/\/www.khfi.de\/khfiweb\/"},{"@type":"ListItem","position":2,"name":"BioVALVE: Biomarker als Pr\u00e4diktoren bei Patienten nach Mitral- und Aortenklappenintervention"}]},{"@type":"WebSite","@id":"https:\/\/www.khfi.de\/khfiweb\/#website","url":"https:\/\/www.khfi.de\/khfiweb\/","name":"KHFI","description":"","publisher":{"@id":"https:\/\/www.khfi.de\/khfiweb\/#organization"},"potentialAction":[{"@type":"SearchAction","target":{"@type":"EntryPoint","urlTemplate":"https:\/\/www.khfi.de\/khfiweb\/?s={search_term_string}"},"query-input":{"@type":"PropertyValueSpecification","valueRequired":true,"valueName":"search_term_string"}}],"inLanguage":"de"},{"@type":"Organization","@id":"https:\/\/www.khfi.de\/khfiweb\/#organization","name":"Kerckhoff Heart Research Institute","url":"https:\/\/www.khfi.de\/khfiweb\/","logo":{"@type":"ImageObject","inLanguage":"de","@id":"https:\/\/www.khfi.de\/khfiweb\/#\/schema\/logo\/image\/","url":"https:\/\/www.khfi.de\/khfiweb\/wp-content\/uploads\/2018\/02\/Logo_KHFI_klein100.png","contentUrl":"https:\/\/www.khfi.de\/khfiweb\/wp-content\/uploads\/2018\/02\/Logo_KHFI_klein100.png","width":100,"height":31,"caption":"Kerckhoff Heart Research Institute"},"image":{"@id":"https:\/\/www.khfi.de\/khfiweb\/#\/schema\/logo\/image\/"},"sameAs":["https:\/\/x.com\/KHFI_BioReg"]}]}},"_links":{"self":[{"href":"https:\/\/www.khfi.de\/khfiweb\/index.php?rest_route=\/wp\/v2\/pages\/991"}],"collection":[{"href":"https:\/\/www.khfi.de\/khfiweb\/index.php?rest_route=\/wp\/v2\/pages"}],"about":[{"href":"https:\/\/www.khfi.de\/khfiweb\/index.php?rest_route=\/wp\/v2\/types\/page"}],"author":[{"embeddable":true,"href":"https:\/\/www.khfi.de\/khfiweb\/index.php?rest_route=\/wp\/v2\/users\/2"}],"replies":[{"embeddable":true,"href":"https:\/\/www.khfi.de\/khfiweb\/index.php?rest_route=%2Fwp%2Fv2%2Fcomments&post=991"}],"version-history":[{"count":1,"href":"https:\/\/www.khfi.de\/khfiweb\/index.php?rest_route=\/wp\/v2\/pages\/991\/revisions"}],"predecessor-version":[{"id":992,"href":"https:\/\/www.khfi.de\/khfiweb\/index.php?rest_route=\/wp\/v2\/pages\/991\/revisions\/992"}],"wp:attachment":[{"href":"https:\/\/www.khfi.de\/khfiweb\/index.php?rest_route=%2Fwp%2Fv2%2Fmedia&parent=991"}],"curies":[{"name":"wp","href":"https:\/\/api.w.org\/{rel}","templated":true}]}}